s 2 (base 4) in base 2?
10
3 (base 7) to base 3
10
-37 (base 8) to base 15
-21
-210 (base 3) to base 15
-16
What is -11 (base 9) in base 8?
-12
-435 (base 6) to base 7
-326
What is 1 (base 13) in base 12?
1
Convert -11 (base 12) to base 16.
-d
What is 1124 (base 5) in base 8?
244
1044 (base 6) to base 2
11110100
Convert -20 (base 6) to base 15.
-c
-2332 (base 4) to base 3
-21001
Convert 27 (base 8) to base 10.
23
-118 (base 13) to base 16
-be
1 (base 4) to base 8
1
Convert -1 (base 9) to base 3.
-1
What is -94 (base 13) in base 15?
-81
What is 17 (base 14) in base 8?
25
Convert -111000 (base 2) to base 12.
-48
What is 4 (base 9) in base 6?
4
What is -4 (base 16) in base 14?
-4
What is -147 (base 10) in base 2?
-10010011
What is 5 (base 7) in base 6?
5
1 (base 12) to base 16
1
-5b (base 16) to base 14
-67
-1 (base 16) to base 3
-1
Convert -32 (base 4) to base 9.
-15
What is -3b (base 12) in base 3?
-1202
What is 53 (base 11) in base 7?
112
Convert -15 (base 7) to base 2.
-1100
-151 (base 11) to base 14
-c9
Convert 17 (base 10) to base 16.
11
What is -11 (base 2) in base 15?
-3
Convert -3 (base 10) to base 3.
-10
Convert 11010001 (base 2) to base 13.
131
1 (base 9) to base 7
1
4 (base 12) to base 7
4
-4 (base 10) to base 7
-4
-1 (base 13) to base 2
-1
-88 (base 14) to base 16
-78
What is -2 (base 3) in base 16?
-2
What is -d (base 15) in base 13?
-10
2 (base 11) to base 5
2
Convert 24 (base 6) to base 16.
10
Convert -17 (base 12) to base 9.
-21
0 (base 4) to base 7
0
5 (base 11) to base 7
5
What is 3 (base 16) in base 9?
3
-11 (base 9) to base 11
-a
What is 12e (base 16) in base 4?
10232
Convert 18 (base 10) to base 6.
30
Convert -3 (base 5) to base 14.
-3
Convert -2 (base 3) to base 13.
-2
What is 55 (base 7) in base 3?
1111
Convert -10 (base 10) to base 16.
-a
18a (base 13) to base 11
238
What is -3 (base 4) in base 11?
-3
What is -201 (base 4) in base 5?
-113
What is 101 (base 3) in base 2?
1010
13 (base 13) to base 8
20
2 (base 5) to base 6
2
Convert 31 (base 16) to base 12.
41
Convert 12 (base 16) to base 6.
30
Convert -12 (base 6) to base 2.
-1000
What is 26 (base 10) in base 15?
1b
What is -92 (base 11) in base 6?
-245
-3223 (base 4) to base 5
-1420
Convert -2 (base 16) to base 3.
-2
Convert 12 (base 9) to base 14.
b
What is e (base 16) in base 13?
11
Convert 27 (base 14) to base 7.
50
What is -2 (base 11) in base 16?
-2
What is 16 (base 14) in base 15?
15
What is -1d (base 15) in base 14?
-20
Convert -340 (base 9) to base 16.
-117
Convert -2 (base 6) to base 14.
-2
23 (base 11) to base 9
27
What is -10201 (base 3) in base 15?
-6a
21 (base 6) to base 12
11
Convert 73 (base 14) to base 5.
401
What is -47 (base 8) in base 2?
-100111
Convert -4b (base 16) to base 15.
-50
What is 1 (base 7) in base 4?
1
Convert -11 (base 3) to base 2.
-100
10 (base 8) to base 7
11
6 (base 13) to base 12
6
Convert -4 (base 15) to base 8.
-4
What is -2 (base 10) in base 12?
-2
What is 4 (base 16) in base 11?
4
Convert 15 (base 12) to base 4.
101
Convert 120 (base 13) to base 4.
3003
316 (base 7) to base 2
10100000
0 (base 11) to base 16
0
What is 171 (base 8) in base 3?
11111
-d (base 15) to base 9
-14
Convert 4 (base 13) to base 7.
4
Convert -26 (base 8) to base 10.
-22
What is 2 (base 16) in base 8?
2
What is 35 (base 13) in base 15?
2e
What is 200 (base 7) in base 15?
68
Convert 13 (base 12) to base 8.
17
What is -7 (base 12) in base 10?
-7
What is 4 (base 6) in base 7?
4
Convert 4 (base 9) to base 7.
4
Convert 20 (base 4) to base 13.
8
Convert 31 (base 4) to base 15.
d
What is -1110 (base 2) in base 5?
-24
What is -21 (base 5) in base 3?
-102
-21 (base 15) to base 16
-1f
What is 121 (base 5) in base 7?
51
What is -3 (base 7) in base 6?
-3
Convert -6 (base 9) to base 14.
-6
Convert -1 (base 12) to base 14.
-1
11001 (base 2) to base 3
221
-2 (base 13) to base 14
-2
22 (base 5) to base 9
13
-3 (base 16) to base 9
-3
Convert -12 (base 3) to base 8.
-5
What is 211 (base 8) in base 13?
a7
24 (base 5) to base 15
e
Convert -1 (base 4) to base 15.
-1
What is 0 (base 16) in base 2?
0
What is -11110011 (base 2) in base 3?
-100000
Convert -2 (base 12) to base 14.
-2
-10 (base 11) to base 2
-1011
What is -75 (base 12) in base 8?
-131
Convert 341 (base 8) to base 14.
121
Convert -103 (base 14) to base 9.
-241
What is 13 (base 9) in base 7?
15
106 (base 10) to base 9
127
What is 1 (base 9) in base 11?
1
What is 9 (base 13) in base 10?
9
8 (base 9) to base 5
13
Convert -5 (base 16) to base 13.
-5
What is 34 (base 6) in base 13?
19
3 (base 9) to base 12
3
What is -62 (base 10) in base 12?
-52
-6 (base 15) to base 10
-6
Convert 213 (base 6) to base 11.
74
What is -111 (base 13) in base 3?
-20210
b (base 15) to base 8
13
Convert 9c (base 16) to base 5.
1111
What is 3 (base 11) in base 13?
3
What is -37 (base 9) in base 14?
-26
Convert 103 (base 13) to base 4.
2230
Convert -12 (base 5) to base 3.
-21
10102 (base 3) to base 16
5c
Convert -1 (base 13) to base 8.
-1
What is 0 (base 12) in base 10?
0
What is -5 (base 9) in base 4?
-11
Convert -100 (base 2) to base 8.
-4
Convert -1 (base 12) to base 8.
-1
Convert 12 (base 7) to base 8.
11
What is 15 (base 16) in base 4?
111
Convert 22 (base 14) to base 3.
1010
What is 11 (base 4) in base 14?
5
Convert -4b (base 16) to base 7.
-135
What is 1 (base 9) in base 13?
1
What is 0 (base 12) in base 8?
0
What is a (base 15) in base 10?
10
Convert 28 (base 15) to base 8.
46
33 (base 6) to base 12
19
-100011 (base 2) to base 11
-32
What is -c (base 13) in base 5?
-22
Convert -3 (base 9) to base 4.
-3
What is -83 (base 16) in base 9?
-155
What is 12 (base 16) in base 6?
30
Convert -21 (base 15) to base 10.
-31
23 (base 11) to base 7
34
Convert 3 (base 6) to base 3.
10
1 (base 15) to base 6
1
What is 113 (base 12) in base 3?
12220
Convert -1 (base 7) to base 12.
-1
What is 331 (base 4) in base 6?
141
What is -101 (base 4) in base 16?
-11
-1201 (base 5) to base 14
-c8
19 (base 12) to base 10
21
-52 (base 9) to base 8
-57
Convert -21 (base 14) to base 8.
-35
-10 (base 11) to base 2
-1011
Convert -3 (base 12) to base 5.
-3
-5 (base 13) to base 11
-5
Convert -16 (base 13) to base 2.
-10011
-2 (base 10) to base 8
-2
What is -23 (base 11) in base 10?
-25
Convert -11111 (base 2) to base 14.
-23
-10 (base 2) to base 7
-2
-3 (base 15) to base 9
-3
What is 14 (base 14) in base 6?
30
3 (base 16) to base 2
11
What is -4 (base 12) in base 14?
-4
1144 (base 6) to base 12
1b4
Convert 3 (base 7) to base 8.
3
Convert 2 (base 3) to base 13.
2
What is -134 (base 5) in base 6?
-112
What is -24 (base 9) in base 6?
-34
-11 (base 4) to base 13
-5
7b (base 15) to base 11
a6
What is -22 (base 9) in base 2?
-10100
What is -43 (base 7) in base 12?
-27
Convert -74 (base 12) to base 2.
-1011000
5 (base 8) to base 5
10
What is 27 (base 8) in base 15?
18
-47 (base 13) to base 2
-111011
20 (base 14) to base 6
44
1010 (base 5) to base 11
109
Convert 13 (base 4) to base 5.
12
What is 20010 (base 3) in base 14?
bb
What is 3 (base 4) in base 15?
3
What is 62 (base 10) in base 7?
116
Convert -10010001 (base 2) to base 3.
-12101
200 (base 5) to base 10
50
-101 (base 2) to base 3
-12
What is -412 (base 8) in base 10?
-266
Convert 120 (base 5) to base 6.
55
What is -10 (base 7) in base 8?
-7
-2 (base 12) to base 10
-2
3 (base 11) to base 6
3
What is 2 (base 3) in base 12?
2
Convert -18 (base 14) to base 12.
-1a
-21 (base 9) to base 15
-14
78 (base 16) to base 3
11110
10 (base 2) to base 5
2
0 (base 6) to base 10
0
Convert 515 (base 6) to base 2.
10111111
-21001 (base 3) to base 15
-ca
80 (base 10) to base 3
2222
Convert 1044 (base 6) to base 16.
f4
-301 (base 9) to base 7
-466
Convert -1 (base 3) to base 13.
-1
Convert -188 (base 9) to base 7.
-320
What is 42 (base 5) in base 10?
22
-315 (base 6) to base 8
-167
What is 1 (base 12) in base 6?
1
Convert -9 (base 10) to base 3.
-100
-13 (base 11) to base 8
-16
What is -61 (base 15) in base 2?
-1011011
What is 2110 (base 3) in base 6?
150
What is -4 (base 10) in base 16?
-4
-79 (base 16) to base 5
-441
Convert 10 (base 3) to base 12.
3
Convert 1 (base 12) to base 10.
1
-4 (base 14) to base 10
-4
What is -14 (base 8) in base 6?
-20
What is -3 (base 6) in base 14?
-3
Convert 14 (base 8) to base 6.
20
Convert -b (base 13) to base 10.
-